= 4 - 3 + 3*n**2 + n**b + 3*n - k*n. What is i(-4)?
5
Let r be (-14)/(-6) - 10/(-15). Let o(m) = -6 - m**3 - 4*m**2 - 2*m**r + 4*m + 2*m**3. Give o(-5).
-1
Let f = 8 + -47/6. Let w(u) be the third derivative of 0*u + 2*u**2 + 0*u**4 + f*u**3 + 0 + 1/60*u**5. Give w(1).
2
Let y be 44/16 - (-2)/8. Suppose -y*g + 3 = -0. Let a(l) = 3*l**2 + l - 1. Give a(g).
3
Let v(a) = 2 - 7*a - 7*a + a**2 + 17*a. Let n be v(-4). Let d(c) = c + 2. Determine d(n).
8
Suppose 0 = -x + 2*f + 2, -3*x - 3 = 3*f + 9. Let p(u) = u**2. Let l(q) = q**2 + q. Let d(m) = l(m) + p(m). What is d(x)?
6
Let i(f) = -f**2 + 5*f - 4. Let t be (5/(-2))/((-1)/2). What is i(t)?
-4
Suppose -3*l + 28 = 43. Let t(i) = 3 - 2*i**2 - 2*i**2 - i**3 + 0*i**2 + 6*i. Calculate t(l).
-2
Let b be 6/2 - 0/(-2). Suppose 6 + b = 3*l. Let o(s) = 5*s - l - 5*s + 2*s. Calculate o(4).
5
Let n(h) = -h**3 + 6*h**2 - 5*h + 1. Let g(y) = y**3 - 7*y**2 + 6*y - 1. Let d(c) = -5*g(c) - 6*n(c). Let w = -2 - -4. What is d(w)?
3
Let t(d) = d**2 - 8*d + 12. Let g(u) = -u**2 + 8*u - 13. Let w(h) = 3*g(h) + 4*t(h). Let n be w(7). Let l(o) = -o - 6*o - o**2 + 4*o - n*o + 5. Determine l(-5).
5
Let k = 2 + -2. Let b = k + 1. Let q(c) = -4 - 4*c + 5*c - b. Give q(0).
-5
Suppose 2*j = 3*j + 3. Let y(t) = 2*t**2 + 4*t - 22. Let d(m) = -3*m**2 - 6*m + 35. Let p(n) = 5*d(n) + 8*y(n). Determine p(j).
2
Let n(f) = -2*f**2 + 5*f - 1. Let o(j) = 2*j**2 - 6*j + 1. Let m(p) = 2*n(p) + 3*o(p). Calculate m(6).
25
Let g(k) be the third derivative of -k**5/60 - k**4/6 + k**3/3 - 9*k**2. Calculate g(-4).
2
Let y(n) = 2*n**2 + 3*n + 3. Let j(p) = 5*p**2 + 9*p + 9. Let g(c) = 3*j(c) - 8*y(c). Let k be 20/25*10/(-4). Give g(k).
-7
Let r(j) = -j**2 - j + 1. Let c be r(-3). Suppose -3*w + 4*a = -29, -w - a + 8 = -2*a. Let g(f) = 8*f + w + f - 8*f. Give g(c).
-2
Let h(q) = q**3 + q**2 - 7. Let p(g) = g**3 + 2*g**2 - 6. Let k(v) = 2*h(v) - 3*p(v). Let c be 4/8 + 14/(-4). Determine k(c).
-5
Suppose 313*z - 36 = 307*z. Let l(r) = r**3 - 6*r**2 + 7 + 2*r + 0*r**3 - 4*r. Give l(z).
-5
Let j(u) = u**3 - 2*u**2 + u + 4. Let r be j(2). Let l(v) = 4 - 4*v + v + 2*v. Calculate l(r).
-2
Suppose 0 = -2*g + 4*g + 3*o + 15, 5*o = 4*g - 3. Let u be ((-3)/(-2) - 0)*2. Let f(v) = u - v - 3 - 3. Determine f(g).
0
Let j(x) = x + 16. Let b be j(-13). Let g(v) be the second derivative of -2*v + 0 + 5/2*v**2 + 1/6*v**b. Determine g(-5).
0
Let q be 25/(-4) + (-2)/(-8). Let i(a) = a**2 + a + 1. Let z(o) = 4*o**2 - o + 3. Let v(g) = 5*i(g) - z(g). What is v(q)?
2
Let d = -6 + 8. Let y = 1 + d. Let f(c) = 4 - 1 + 0*c**3 + 4*c**2 - c**y - 5*c. Determine f(3).
-3
Let u(z) = -z**3 + 3*z**2 + z - 2. Let g = 10 + -7. What is u(g)?
1
Let j(v) be the third derivative of v**5/60 - v**4/4 - v**3/2 - 3*v**2. Give j(5).
-8
Suppose 2*p + 3*w = 10, 0 = 2*p - p + 5*w - 12. Suppose 5 = -g + p. Let o(x) be the third derivative of x**4/24 + 2*x**3/3 + 32*x**2. What is o(g)?
1
Let j be 13/4 + (-3)/12. Suppose 0*y + 3*q = y - 8, y + 4 = -j*q. Let a(c) = c**2 + c**2 + 0 - y*c + 3. Give a(2).
7
Let g(k) = -k**2 - k - 1. Let t(l) = -4*l**2 - 8*l - 2. Let n = 10 - 15. Let v(i) = n*g(i) + t(i). Determine v(4).
7
Let k(j) = -j - 1. Let w(b) = -b**3 + 9*b**2 + 21*b + 9. Let d be w(11). Give k(d).
1
Let f(v) = v**3 + v**2 - v - 5. Let h(q) = 3*q**3 + 2*q**2 - 3*q - 10. Let g(k) = -5*f(k) + 2*h(k). What is g(0)?
5
Let x(w) = -w**3 + 3*w**2 + 2*w + 4. Suppose 0 = 3*b - 0 + 60. Let n be ((-72)/60)/(6/b). Calculate x(n).
-4
Let u(c) = -c**3 - 2*c**2 + c - 4. Let s = 3 + -13. Let p = -13 - s. What is u(p)?
2
Let f(y) = 24*y - 7 + 13 + 5 - 23*y. Calculate f(0).
11
Let z(n) be the third derivative of -n**5/60 - n**4/4 + n**3 + 6*n**2. Calculate z(-7).
-1
Let d(k) be the third derivative of k**6/360 + k**5/40 + k**4/24 + k**3/6 + k**2. Let i(z) be the first derivative of d(z). Let y = 3 + -6. Give i(y).
1
Let q(a) = 2*a**2 - 4*a + 2. Let k be q(2). Suppose -2*f - k*d = -94, 0*f + 176 = 3*f - 4*d. Let y(h) = f - 52 - 2*h. Calculate y(2).
-4
Let k(l) = 3*l - 5*l - 1 - l**2 - 2*l**3 + 3*l**3. Let h = 4 + -2. Let a be 3/h*(-8)/12. Give k(a).
-1
Let w(d) be the first derivative of -d**5/60 - d**4/8 - d**3 - 3. Let p(b) be the third derivative of w(b). Let m be 10/(-4)*12/10. What is p(m)?
3
Let c(l) = -l**2 + l - 1. Let d(i) = 4*i**2 - 12*i + 10. Let q(o) = -5*c(o) - d(o). Determine q(-6).
-11
Let z(d) = -11*d**3 - 2*d**2 + 11*d - 6. Let q(v) = -7*v**3 - v**2 + 7*v - 4. Let l(a) = 8*q(a) - 5*z(a). Let u be 1*-2*(-6)/4. What is l(u)?
-8
Let n = -4 - -6. Let k(q) = n - 5 + q**2 - 2*q**2 + 2*q. Suppose -4*d = 1 - 13. Determine k(d).
-6
Let t(n) = -3*n - 3. Let h(g) = g**2 - 16*g - 16. Let b(i) = 2*h(i) - 11*t(i). Calculate b(-3).
16
Let a(n) = n**3 - 4*n**2 + n - 4. Suppose -5*g - 17 = -c, 0 = 3*c - 4*g + 5 - 1. Let l = c - -11. Give a(l).
-10
Let n(d) = d**2 - 6*d. Let t be n(6). Let s(x) = -4 + 0*x + x + t*x. Determine s(6).
2
Let z(v) = -v**3 - 4*v**2 + v + 4. Let r be z(-4). Let m(l) = 6*l**2 + 16*l + 9. Let f(d) = -d**2 - 3*d - 2. Let a(q) = -11*f(q) - 2*m(q). Determine a(r).
4
Suppose q + 1 - 6 = 0. Let g(u) = 5*u - 4. Let l(y) be the first derivative of -13*y**2 + 20*y - 4. Let w(s) = 16*g(s) + 3*l(s). Calculate w(q).
6
Let l(q) be the first derivative of -q + 1/6*q**3 - 1 + 5*q**2. Let i(w) be the first derivative of l(w). Determine i(-5).
5
Let g(b) be the first derivative of -b**4/4 - b**3 - 2*b + 6. Let w be -1 + (-1 - -2) + -3. Calculate g(w).
-2
Let n(r) = r**2 - 3*r - 1. Let l(q) = 2*q**2 - 4*q - 2. Let j(d) = 3*l(d) - 4*n(d). What is j(-4)?
30
Let p(l) = l**3 - 3*l**2 - 5*l - 3. Let i be (-10 + 2)/(0 + -2). Determine p(i).
-7
Suppose 2 = -3*h + 8. Let r(w) = 3*w + w**3 - 3*w**h - 6 + 1 + 5. Calculate r(2).
2
Let n = 16 - 11. Suppose 0 = i + n*g - 4*g, 3*i - g + 4 = 0. Let o = -2 - i. Let f(a) = -a**2 + 2*a + 1. What is f(o)?
-2
Suppose 161 - 59 = -17*z. Let n(k) be the first derivative of k**3/3 + 7*k**2/2 - 2*k + 1. Determine n(z).
-8
Let s(w) = -w**3 - 6*w**2 + 8*w + 1. Suppose 4*j - 4*t = 2*j - 6, j + 11 = -2*t. Calculate s(j).
-6
Let d(b) be the first derivative of 3 + b**3 - 2*b - 1/12*b**4 - 2*b**2. Let r(c) be the first derivative of d(c). Give r(4).
4
Let j(v) = -v**3 + v**2 + 3*v - 3. Let s be j(3). Let o(y) = -y - 16. Let g be o(s). Let i(u) = 0*u - 1 - 2 - 2*u. Determine i(g).
5
Let a(s) = -s**2 + 3*s - 4. Let d = -25 + 29. What is a(d)?
-8
Let j(k) = 5*k**3 - 4*k**2 + 4*k + 2. Let m(l) = 5 - 2 + 9*l + 11*l**3 + 3 - 1 - 9*l**2. Let v(w) = -9*j(w) + 4*m(w). Calculate v(2).
-6
Let w(b) = -7*b. Let h = 14 - 15. Give w(h).
7
Let v(m) be the second derivative of m**3/6 - 9*m**2/2 + 9*m. Let w = 16 - 10. Determine v(w).
-3
Let f(p) = p + 1. Let u(t) = -t. Let k(i) = -6*f(i) - 4*u(i). Determine k(-5).
4
Let r(z) be the third derivative of -z**5/15 + z**4/24 - 18*z**2. Suppose -4*c + w - 1 = -0*w, -3*c - 5*w + 28 = 0. Give r(c).
-3
Let i(l) be the second derivative of 3*l + l**2 - 1/6*l**3 + 0. Determine i(5).
-3
Suppose 4 - 20 = 2*o. Let n(w) = -w**3 - 8*w**2 - 5. Give n(o).
-5
Let t(j) be the first derivative of -j**4/4 + 7*j**3/3 - 2*j**2 - 4*j - 10. Determine t(6).
8
Let h be (-1)/((-1)/(-2)*1). Let t(r) = r**2 - 3*r - 1. Let f(o) = -3*o**2 + 8*o + 3. Let j(s) = -3*f(s) - 8*t(s). Give j(h).
3
Let w(y) = -y**2 - 6*y - 4. Let h be w(-6). Let p(l) = -l - 1. Let b(k) = -7*k. Let r(g) = h*p(g) + b(g). Let s be (-2 + 0)/((-2)/3). Give r(s).
-5
Let x(s) = s + 1. Let k(m) = m**3 - 8*m**2 + 10. Suppose 0 = -4*b - 10 + 42. Let t be k(b). Let y(h) = 8*h + 10. Let n(c) = t*x(c) - y(c). Give n(5).
10
Let k(n) = n**3 - 2*n**2 + n + 1. Let r(g) = -3*g**3 - 2*g - 5. Let x(a) = 2*k(a) + r(a). Suppose 2*c - 8 = 2*s, -c - 2 - 6 = 2*s. Calculate x(s).
-3
Let a be (-10)/(-5)*5/2. Suppose -2*c = -c - a. Let n(h) be the second derivative of -h**3/6 + 6*h**2 + h. Give n(c).
7
Let w(q) = 13*q - 21*q + 6*q - 8. Let h = -18 - -12. What is w(h)?
4
Let i be (-1)/2 - 56/16. Let z = 8 + i. Let b(n) = -2*n**2 + 6*n - 3. What is b(z)?
-11
Let c(s) = 2*s**3 + 18*s**2 - 2 + s - 13*s**2 + 3*s - s**3. What is c(-5)?
-22
Let g(i) = -i + 4*i + i + 5 + i. Let f(c) = c + 1. Let s(z) = -6*f(z) + g(z). What is s(-2)?
1
Let j(o) = -o**3 - 11*o**2 + o + 3. Let s(t) = 2*t**3 - 5*t**2 + 4*t - 7*t**2 + 3 - 3*t**3 - 3*t. Let v(b